88?
True
Is 14 a factor of 205576?
True
Is 25 a factor of 620821?
False
Is 5 a factor of 46619?
False
Is 47180 a multiple of 57?
False
Is 250 a factor of 4745171?
False
Does 52 divide 205728?
False
Is 160 a factor of 940800?
True
Is 1019676 a multiple of 597?
True
Is 156 a factor of 1274052?
True
Does 3 divide 504095?
False
Does 48 divide 87913?
False
Does 13 divide 694932?
False
Does 24 divide 5327208?
True
Is 45666 a multiple of 258?
True
Is 644198 a multiple of 10?
False
Is 66 a factor of 761442?
True
Is 106392 a multiple of 24?
True
Is 21 a factor of 1219680?
True
Is 1240757 a multiple of 361?
True
Is 1459411 a multiple of 33?
False
Does 37 divide 7235202?
True
Is 633 a factor of 1432479?
True
Does 300 divide 2199042?
False
Is 507 a factor of 15398097?
True
Is 228 a factor of 1660957?
False
Is 521 a factor of 146477?
False
Is 86 a factor of 179396?
True
Is 4 a factor of 68620?
True
Does 20 divide 2052480?
True
Does 5 divide 114632?
False
Is 9162104 a multiple of 8?
True
Is 13 a factor of 104426?
False
Is 2106925 a multiple of 37?
False
Does 180 divide 16782?
False
Is 247 a factor of 223408?
False
Is 8 a factor of 933488?
True
Is 345 a factor of 351900?
True
Does 6 divide 710760?
True
Is 52 a factor of 612248?
True
Is 3 a factor of 21?
True
Is 13 a factor of 3172?
True
Does 421 divide 715970?
False
Is 230 a factor of 215528?
False
Does 77 divide 11738?
False
Is 5 a factor of 3672073?
False
Does 11 divide 1858693?
False
Is 198 a factor of 200574?
True
Does 60 divide 339180?
True
Does 10 divide 12710?
True
Does 153 divide 33355?
False
Is 2 a factor of 39836?
True
Does 11 divide 51722?
True
Does 12 divide 67715?
False
Is 6 a factor of 3841191?
False
Is 146 a factor of 1026088?
True
Is 8 a factor of 60991?
False
Is 2471421 a multiple of 32?
False
Is 9 a factor of 23652?
True
Is 600 a factor of 2401800?
True
Does 30 divide 71010?
True
Is 22820 a multiple of 56?
False
Does 60 divide 519120?
True
Is 1381432 a multiple of 148?
True
Is 271 a factor of 257992?
True
Is 10 a factor of 1089812?
False
Is 1485052 a multiple of 146?
False
Does 13 divide 23231?
True
Is 21745642 a multiple of 65?
False
Is 52 a factor of 1104516?
False
Does 100 divide 216071?
False
Is 23 a factor of 9719?
False
Does 8 divide 81920?
True
Is 39 a factor of 20826?
True
Is 2331840 a multiple of 480?
True
Is 27940218 a multiple of 22?
False
Is 286 a factor of 198021?
False
Is 29 a factor of 389489?
False
Is 1461690 a multiple of 149?
True
Is 8 a factor of 972960?
True
Is 200 a factor of 6462125?
False
Is 1706 a factor of 17706539?
False
Does 1615 divide 18460150?
False
Is 809725 a multiple of 7?
True
Is 66330 a multiple of 134?
True
Is 343 a factor of 12335995?
True
Is 260 a factor of 407096?
False
Is 14 a factor of 38265954?
False
Does 32 divide 5648352?
True
Is 249 a factor of 228084?
True
Is 12 a factor of 24470?
False
Does 3 divide 16116?
True
Is 18328060 a multiple of 7?
False
Is 3983172 a multiple of 59?
False
Is 612600 a multiple of 25?
True
Does 595 divide 709907?
False
Is 3946899 a multiple of 121?
True
Does 1142 divide 2011090?
False
Is 1029 a factor of 1197756?
True
Does 12 divide 487812?
True
Does 103 divide 365238?
True
Is 41616 a multiple of 8?
True
Does 295 divide 23178?
False
Does 8 divide 507272?
True
Is 38 a factor of 36784?
True
Does 1320 divide 3736920?
True
Is 5 a factor of 3529330?
True
Is 272 a factor of 2817648?
True
Is 66831 a multiple of 14?
False
Does 74 divide 35674?
False
Is 85770 a multiple of 18?
True
Is 9210 a multiple of 5?
True
Is 558532 a multiple of 23?
True
Is 14582909 a multiple of 861?
False
Does 9 divide 770463?
True
Is 471528 a multiple of 24?
True
Is 6435078 a multiple of 633?
True
Is 478 a factor of 954304?
False
Is 15039 a multiple of 27?
True
Is 1345533 a multiple of 360?
False
Does 2 divide 28790?
True
Is 24 a factor of 558035?
False
Is 1609404 a multiple of 6?
True
Is 66009 a multiple of 59?
False
Does 401 divide 9524771?
False
Is 23 a factor of 420151?
False
Does 104 divide 433368?
True
Is 12161786 a multiple of 136?
False
Does 27 divide 302535?
True
Is 93 a factor of 56957?
False
Does 6 divide 433842?
True
Is 57 a factor of 150501?
False
Does 46 divide 187216?
False
Does 35 divide 13786640?
True
Is 6737184 a multiple of 314?
True
Is 1305744 a multiple of 48?
True
Is 14054 a multiple of 8?
False
Is 12 a factor of 268378?
False
Is 901797 a multiple of 19?
True
Is 1178203 a multiple of 10?
False
Is 5509 a multiple of 6?
False
Does 3 divide 1746?
True
Does 18 divide 12889223?
False
Does 351 divide 2468615?
False
Is 180411 a multiple of 15?
False
Is 4 a factor of 144428?
True
Is 38 a factor of 211214?
False
Is 461865 a multiple of 15?
True
Is 75 a factor of 1350?
True
Is 95 a factor of 1463285?
True
Does 11 divide 20350746?
False
Is 119776 a multiple of 32?
True
Is 452114 a multiple of 26?
True
Does 595 divide 569714?
False
Is 7843172 a multiple of 5?
False
Does 52 divide 85042?
False
Is 17262 a multiple of 3?
True
Does 48 divide 216288?
True
Is 156 a factor of 14288352?
True
Does 58 divide 8493773?
False
Does 506 divide 322691?
False
Is 39807 a multiple of 5?
False
Does 629 divide 367965?
True
Is 45 a factor of 182282?
False
Is 12 a factor of 4988045?
False
Does 22 divide 872014?
True
Is 40 a factor of 44040?
True
Is 148502 a multiple of 13?
False
Does 20 divide 104120?
True
Does 10 divide 1183880?
True
Is 6 a factor of 12282?
True
Is 79 a factor of 2254797?
False
Is 438377 a multiple of 7?
False
Does 110 divide 996759?
False
Is 2288466 a multiple of 369?
False
Is 502740 a multiple of 27?
True
Is 6572592 a multiple of 156?
True
Is 31 a factor of 1220884?
False
Does 11 divide 463880?
False
Does 198 divide 136492?
False
Is 5924490 a multiple of 858?
True
Is 87 a factor of 5071752?
True
Is 166536 a multiple of 771?
True
Does 77 divide 1784052?
False
Does 91 divide 114205?
True
Is 164 a factor of 108076?
True
Is 74012 a multiple of 131?
False
Does 18 divide 8047607?
False
Does 7 divide 6461?
True
Does 4 divide 5640347?
False
Is 221 a factor of 76024?
True
Does 4 divide 4248988?
True
Does 10 divide 2718356?
False
Is 11 a factor of 106656?
True
Is 272997 a multiple of 27?
True
Does 98 divide 75264?
True
Is 645278 a multiple of 19?
True
Does 428 divide 374500?
True
Is 13326114 a multiple of 198?
False
Is 253 a factor of 266156?
True
Is 914724 a multiple of 356?
False
Is 612868 a multiple of 37?
True
Is 4963083 a multiple of 1061?
False
Does 1492 divide 1827700?
True
Is 228 a factor of 295900?
False
Does 4 divide 73064?
True
Is 34 a factor of 749598?
True
Is 495 a factor of 8954055?
True
Does 47 divide 24363?
False
Is 117 a factor of 412347?
False
Does 9 divide 159822?
True
Does 267 divide 3006171?
False
Is 7847255 a multiple of 1418?
False
Does 354 divide 2902572?
False
Is 80 a factor of 2564720?
True
Is 7 a factor of 5450533?
False
Does 4 divide 920075?
False
Is 17 a factor of 484841?
False
Is 314065 a multiple of 3?
False
Does 944 divide 3510736?
True
Does 3 divide 6255?
True
Does 55 divide 2737625?
True
Is 3 a factor of 139329?
True
Is 40 a factor of 290560?
True
Does 103 divide 1893449?
True
Does 5 divide 40374?
False
Is 75300 a multiple of 4?
True
Is 94220 a multiple of 140?
True
Does 6 divide 166206?
True
Does 30 divide 19917068?
False
Is 17523 a multiple of 59?
True
Does 1023 divide 4253266?
False
Is 2245488 a multiple of 8?
True
Does 185 divide 5433059?
False
Does 20 divide 2712760?
True
Is 13371375 a multiple of 125?
True
Is 17 a factor of 681258?
True
Does 448 divide 2729664?
True
Is 8 a factor of 29266?
False
Does 21 divide 290515?
False
Does 124 divide 91527?
False
Does 252 divide 1979208?
True
Is 12 a factor of 72842?
False
Is 65 a factor of 1363682?
False
Does 59 divide 101834?
True
Is 5702975 a multiple of 6?
False
Is 13639 a multiple of 3?
False
Does 29 divide 7793?
False
Is 151 a factor of 307953?
False
Is 332 a factor of 7449416?
True
Does 28 divide 11788?
True
Is 126 a factor of 179801?
False
Is 109503 a multiple of 529?
True
Does 7 divide 2169622?
True
Is 20 a factor of 632400?
True
Is 9 a factor of 2855245?
False
Is 78 a factor of 157014?
True
Is 20 a factor of 117160?
True
Is 63944 a multiple of 4?
True
Is 1082090 a multiple of 55?
False
Does 15 divide 5948?
False
Does 16 divide 63660?
False
Does 109 divide 2548202?
